 o?
2, 61, 151
Let o be 2 - 0/(-3 - -1). Suppose -10 = -4*w + k, 0*w + 10 = o*w - 3*k. What are the prime factors of -10*1/w*-4?
2, 5
Suppose -19*i = -33 - 385. Suppose 0 = i*x - 26671 + 6805. What are the prime factors of x?
3, 7, 43
Let s be (-144)/(-324) - 28/(-18). Suppose 1214 = r - 3*v, s*r - 2378 = 18*v - 22*v. What are the prime factors of r?
11, 109
What are the prime factors of (-501)/(-9)*(-5)/5*-123?
41, 167
Suppose -11 = -3*k + 5*c + 32, -c = 4*k - 19. Suppose q = -1, -11*l = -k*l + 4*q - 4576. List the prime factors of l.
2, 229
Suppose -22 = 3*d - 5*a, d = 2*a + 3*a - 4. List the prime factors of (-5)/(25/(-1776)) - d/(-45).
5, 71
Let v(t) = 4*t**2 + 13*t + 4. Let m be v(-4). List the prime factors of (m + -9)/14*2038.
1019
Suppose 5*y - 86308 = -2*f + 56717, 4*y = -5*f + 357622. List the prime factors of f.
2, 5, 23, 311
Suppose -2*b = -2*h + 1632, 2*h - 4*b - 1554 = 74. Suppose 4*a + 210 - h = 0. What are the prime factors of a?
2, 19
Let v(f) = f**2 + 3*f - 11. Suppose -4*n = 3 + 13. Let x be v(n). Let r(o) = o**3 + 8*o**2 + 7*o + 8. List the prime factors of r(x).
2
Let a(b) = -b**3 + 34*b**2 - 8*b - 47. Let m be (-6)/7*(-1925)/50. List the prime factors of a(m).
2, 389
Let b(o) = -229*o**2 - 10*o - 18. Let t be b(-2). Let c = t + 2304. List the prime factors of c.
2, 5, 139
Let n = 107 - -3915. What are the prime factors of n?
2, 2011
What are the prime factors of 2/(13/26*(-8)/(-43998)) + -2?
21997
Let g(h) = 2*h + 142*h**2 - 1 - 75*h**2 - 69*h**2. Let r be g(-6). Let o = 63 - r. What are the prime factors of o?
2, 37
Let n = -23 - -30. Let o = -40 + 43. Suppose -13 = -4*m + o*w, m + w = 5 + n. What are the prime factors of m?
7
List the prime factors of 1116/(-16)*244/(-1).
3, 31, 61
Let z(w) = w**3 + 2*w**2 - w. Let x be z(-2). Let p be x/((-7)/(-9) - 1). List the prime factors of ((-80)/(-6))/((-6)/p).
2, 5
Let u(y) = y**3 + 15*y**2 + 2*y + 32. Let m be u(-15). Suppose 3*p = -5*v + 8*p + 1500, 580 = 2*v + m*p. What are the prime factors of v?
5, 59
Suppose -2*n - 6640 = -4*r, 0 = 5*r - 6*n + 2*n - 8303. What are the prime factors of r?
3, 7, 79
List the prime factors of (-1049850)/30*4/(-12).
5, 2333
Let p = 29773 + -17675. List the prime factors of p.
2, 23, 263
Let t(o) = -102*o + 517. Let m be t(5). Let y(b) = b**3 - 5*b**2 + 4*b + 3. Let a be y(4). Suppose -a*q = -m*q + 24. What are the prime factors of q?
2, 3
Let a = 9710 - 1548. List the prime factors of a.
2, 7, 11, 53
Suppose -4*z = 4*k - 135988, 101996 = 3*k + 4*z - 2*z. List the prime factors of k/45 - ((-4)/(-5))/(-2).
2, 3, 7
Let l be (10 - 0)*1/10. List the prime factors of (-1 - -2)*l + 892 + 29.
2, 461
Suppose -9*x = -x. What are the prime factors of (-555)/(x*(-2)/6 - 1)?
3, 5, 37
Let v(t) = -253*t**2 - t - 3. Let k be v(-1). What are the prime factors of k/(-15)*219/3?
17, 73
Suppose 3*l + 0*v + 2*v = 14, 3*l + v = 10. Suppose -l*z - 2*n = -5*z + 22, -2*n = 4. Suppose z*w - 3*w = 468. List the prime factors of w.
2, 3, 13
Let b = 31 + -35. Let q be 3 + (0 - b) + -3. Let m = 26 + q. List the prime factors of m.
2, 3, 5
Let m(c) = -15*c + 7. Let v be m(4). Let g = v + 55. Suppose 3*k + 4*n = 565, g*k - 6*k - 5*n + 755 = 0. What are the prime factors of k?
3, 5, 13
Let x(h) = 884*h - 1558. What are the prime factors of x(23)?
2, 3, 7, 149
Let m(s) = -6*s**2 - 56*s - 14. Let k be m(9). Let g = k - -1655. List the prime factors of g.
3, 7, 31
Let u(r) = 8*r**2 - 4*r - 2. Suppose 95 = 9*k - 175. Let g = k - 33. What are the prime factors of u(g)?
2, 41
Let o(g) = 3*g**3 - 6*g**2 + 5*g - 4. Let y(c) = 7*c**3 - 13*c**2 + 9*c - 7. Let v(w) = 5*o(w) - 2*y(w). Suppose 10 = 2*n - 0. List the prime factors of v(n).
2, 3
Let w(p) = -3*p**2 + 33*p + 105. Let h(b) = -5*b**2 + 33*b + 106. Let m(f) = 2*h(f) - 3*w(f). What are the prime factors of m(-26)?
79
Suppose 5*w - 4*g - 33737 = 0, 3*w - 15149 = -g + 5100. What are the prime factors of w?
17, 397
Suppose y + 3765202 = 263*y. List the prime factors of y.
7, 2053
Suppose 24 = 4*k - 3*k - 3*x, 0 = 2*k + 3*x - 3. Let c = 0 + k. List the prime factors of (-1 - c)*(-60)/8.
3, 5
Suppose 28*a - 8*l + 39002 = 31*a, 3*a + l - 39037 = 0. List the prime factors of a.
2, 3, 241
Let b(n) be the second derivative of 2*n**3 + 23*n**2/2 - 13*n. Let c be b(13). Let i = -95 + c. List the prime factors of i.
2, 3, 7
Let i = -41 + 231. Suppose -41*k + i = -36*k. Suppose -2*q - 4*s = -k, 3*q - 110 + 33 = -s. What are the prime factors of q?
3
Suppose 0 = -209*q - 162*q + 302*q + 4740714. List the prime factors of q.
2, 3, 11, 347
Let w(n) = -n**3 + 23*n**2 - 162*n + 15. List the prime factors of w(-26).
41, 911
Suppose z + 3*g + 30 = 6*z, -25 = 5*g. Suppose -2436 = -5*b + 4*q, z*q + 1291 = 4*b - 658. What are the prime factors of b?
2, 61
Let h = 379 + 181. List the prime factors of h.
2, 5, 7
What are the prime factors of (5*(-5)/(-50))/(3/262980*5)?
2, 3, 487
Suppose -707950 = -32*d - 100749 + 494367. What are the prime factors of d?
2, 13, 331
Suppose 4*h - 118019 = -5*z, 5*h - 7 = -2. List the prime factors of z.
23603
Let z(m) = -m**2 - 6*m - 8. Let v be z(-4). Suppose -2*y - 825 = -5*r, v*r - y + 647 = 4*r. List the prime factors of r.
163
Suppose -13*x - 1770 = -11637. Suppose -x = 16*t - 13703. List the prime factors of t.
809
Let k(n) = -n**2 + 16*n + 164. Let h be k(23). Suppose m = -o + 1061, 0 = m + h - 2. What are the prime factors of o?
2, 3, 59
Let t(v) = 13*v**2 + 28*v - 48. List the prime factors of t(-41).
7, 13, 227
Suppose 3*i = 6*g - 3*g + 15, 4*g + 20 = -i. Let w(a) = 2*a**2 - 2*a + 1044. List the prime factors of w(i).
2, 3, 29
Let f be (3 - 1) + -2 - -262. Let q(s) = -128*s - 2144. Let i be q(-17). Suppose 34*t - f = i*t. What are the prime factors of t?
131
Suppose 0 = -584*q + 579*q. Suppose -7*x + 9*x + 6 = q, 0 = 5*n - 5*x - 7085. List the prime factors of n.
2, 7, 101
Suppose x = 2*x + 5*g - 1, 4*x + 4*g - 20 = 0. Suppose x*z - 18 = 8*z. List the prime factors of (-2)/(3*(-3)/z)*-10.
2, 5
Suppose -4*x = 4*l - 17420, -220*l + 2*x + 8714 = -218*l. List the prime factors of l.
2, 3, 11
Let d = 28 + -27. Let u be d*-18 - (-12)/(-4). What are the prime factors of (-2892)/u - 4*1/(-14)?
2, 3, 23
Suppose -38*a = -25*a - 89232. List the prime factors of a.
2, 3, 11, 13
Let t(u) = -4*u + 6. Let a be t(-5). Let m = a - 32. What are the prime factors of (1 + 10/m)*387/(-3)?
2, 43
Suppose -4*z + 4*j = -1608, 4*j + 2006 = -2*z + 7*z. Let o = 196 + z. Suppose 4*y - 82 - o = 0. What are the prime factors of y?
13
Suppose -9104 = -2*o - 2*w, -2689 - 1857 = -o + w. List the prime factors of o.
4549
Let s = 54 + -41. Let r(k) = 10*k + 37. Let j(y) = 5*y + 19. Let d(q) = -5*j(q) + 3*r(q). What are the prime factors of d(s)?
3
Suppose -4*p - 4*b + 2*b + 96 = 0, 0 = b. Suppose 0 = p*c - 3*c - 12054. What are the prime factors of c?
2, 7, 41
Suppose 3*p + 5*c + 22 = 0, -2*p = p - 2*c + 8. Let h(a) = 4*a**3 + 231*a + 5*a**2 - 5*a**3 - 229*a - 1. List the prime factors of h(p).
3, 5
Let v(c) = -2*c**2 - 8*c + 2. Let z be v(-4). Let s be 8/20*5*z. Suppose s*x = -x + 140. List the prime factors of x.
2, 7
Suppose 9*u - 161 = -26. Suppose -3*y - u = 0, -4*y + 1028 = 4*t - 312. What are the prime factors of t?
2, 5, 17
Suppose 5*t - 20887 = -4*d, 0*d + 12531 = 3*t + 3*d. What are the prime factors of t?
3, 7, 199
Suppose -1798 = -30*r + 6122. Suppose -d + r = -115. List the prime factors of d.
379
Suppose j - 84280 = 106*h - 108*h, -2*j + 84272 = 2*h. List the prime factors of h.
2, 3, 439
Let y = 86 - 76. Let h = y - 10. Suppose -2*k + 4*k = 5*n - 987, -n - 4*k + 193 = h. List the prime factors of n.
197
Suppose -g - 2*g - j = -3, 2*j = g + 6. Let r(f) = 12 - 42*f - 6 + g. List the prime factors of r(-2).
2, 3, 5
Let n(s) = s**3 - 17*s**2 + 33*s - 39. Let c be n(15). List the prime factors of (7 + 18137/21)*c/4.
2, 653
Let g be 7 + -21 - (2 + -3). What are the prime factors of (-412)/(-6) + g/(-39)?
3, 23
Suppose 30 = -5*o, -7*o + 12*o = -3*t + 129657. List the prime factors of t.
139, 311
Let y(q) = 15*q**2 + 6*q + 7. Let k = 113 + -112. Let b(t) = -2*t**3 - 2*t**2 - 2*t + 2. Let u be b(k). What are the prime factors of y(u)?
223
Let c(h) = -h**2 + 20*h - 14. Suppose 5*o = -2*z + 23, 0*o = -o - 5*z. Let q = o + 5. List the prim